18855 - 9999, f - 9618 = -4*g. What is the tens digit of f?
1
Let v be -328 - (-2 + (1 - 0/(-2))). Let c = v - -652. What is the units digit of c?
5
Suppose i - a - 23 = -6*a, 3*i + 21 = 3*a. Let w(n) = -11*n**3 - 2*n**2 + n + 2. Let m be w(i). Let s = -38 + m. What is the units digit of s?
2
Let y = -9621 - -13820. What is the tens digit of y?
9
What is the hundreds digit of -13 + (48/(-12) - -13275)?
2
Let m(h) = -h**3 - 8*h**2 - 22*h - 4. Let z = -137 - -130. What is the hundreds digit of m(z)?
1
Let f(x) = 100*x + 65. Let n be f(12). Suppose -3*h + 427 = a, 4*a - n = -4*h + 475. What is the hundreds digit of a?
4
Let n = -73 + 35. Let w = n - -42. Suppose i - w = 49. What is the tens digit of i?
5
Suppose -5*i + 45720 = 5*v, -3*v = -4*i - 3987 + 40577. What is the tens digit of i?
4
Let j(f) = 47640*f**3 + 6*f**2 - 13*f + 9. What is the units digit of j(1)?
2
What is the units digit of ((-39)/(-78))/((-1)/(-7618))?
9
Suppose 5*g + 42350 = 5*l, 79*g = -2*l + 75*g + 16952. What is the tens digit of l?
7
Let k(p) = -1 + 6*p**2 - 17*p**3 + 3*p**2 - 4*p + 19*p**3. Let x be k(-5). What is the hundreds digit of ((-3)/(-9)*-109)/(2/x)?
1
Let t = 4258 - 3776. What is the units digit of t?
2
Suppose 21 = 10*y - 3*y. Suppose -5*j = 3*d - 636 - 208, -2*d + 561 = y*j. What is the tens digit of d?
7
Let j = 2780 + -659. Let g = j + -1424. What is the units digit of g?
7
Suppose -7*k - 9746 = -139351. What is the units digit of k?
5
Let v(u) = -7*u + 112. Let j be v(16). Suppose j = -51*a + 56*a - 630. What is the units digit of a?
6
Suppose -4*v - g - g - 180 = 0, 0 = 5*g - 20. Let a = 48 + v. What is the units digit of (2/(-3)*a)/(8/(-1236))?
3
Let j = 13 - 12. What is the tens digit of 2/j*(-4499)/(-11)?
1
Suppose 7*p + 2*p - 27 = 0. Suppose -p*n = -5 - 1. Suppose 0 = -4*x + 8, -n*x - 330 = -3*r + x. What is the tens digit of r?
1
Let m(c) = c**3 + 11*c**2 - 9. Let j be 4/64*4 + 6/8. Suppose k = j - 5, -k - 22 = 2*g. What is the units digit of m(g)?
3
Let y(p) be the first derivative of 23*p**3/3 + 31*p**2/2 - 15*p - 312. What is the tens digit of y(-8)?
0
Suppose 1 = -q, -4*v + 6*v + 5*q = 1109. Let p = 939 - v. What is the tens digit of p?
8
Let v = -30 + 38. What is the units digit of v - (-56 - 1)/3?
7
Suppose -342*p - 202104 = -356*p. What is the hundreds digit of p?
4
Let b(l) = l**3 + 8*l**2 + 2*l - 25. Let n be b(-7). What is the units digit of 305/(-2)*-4*3/n?
3
Let v(z) be the first derivative of 6*z**3 - 15*z**2/2 + 17*z - 57. What is the hundreds digit of v(5)?
3
Let p = -3196 + 6532. Suppose -15*j = -p - 18294. What is the tens digit of j?
4
What is the hundreds digit of -12050*60/(-50) + 3?
4
Let w(q) = -q**3 + 10*q**2 - 11*q + 7. Let b(r) = r**2 + r - 1. Let s(o) = -b(o) - w(o). Let t be s(10). What is the hundreds digit of (-792)/t*(0 + 1)?
1
Let z(v) = v + 48. Let u be z(-42). What is the hundreds digit of 343*(-1 + -4 + u)?
3
Let q be 11/22*(-100)/(-5). Suppose 2409 = q*n - 1961. What is the tens digit of n?
3
Let x(v) = 2*v**2 - 26*v + 16. Suppose 19 + 59 = 6*l. What is the tens digit of x(l)?
1
Suppose 3*k - 58848 = -4*n, 2*k - 20921 = -n + 18306. What is the thousands digit of k?
9
Let l(g) = g**2 - 12*g - 8. Let d be l(13). Suppose d*r = -r + 2304. What is the units digit of r?
4
Suppose -5*o = -12 - 13. What is the units digit of 2/(-18) + o/(-90)*-3098?
2
Let j be (-2067)/(-7) + 18/(-63). Let u be ((-5)/(-10) - (-242)/4)*-2. Let z = u + j. What is the units digit of z?
3
Let s = 557 + -552. Suppose -s*v = 4*g - 416, -328 = 4*v - 8*v - 2*g. What is the units digit of v?
0
Let f be (-3672)/(-48) - (3/(-2) - 0). Let u be 495/(-18) - 2/(-4). Let a = f + u. What is the tens digit of a?
5
Let d be 18/(5/30*4). Suppose 0 = 5*h + 4*s - 39 - 22, 2*h - d = s. Suppose x - h - 11 = 0. What is the tens digit of x?
2
What is the tens digit of 2/(-4)*-16442 - 1/(4/(-24))?
2
Let f be (42 + -37)/(10/284). What is the units digit of f/5*250/10?
0
Suppose -4*o = -2*o + 2*j, 4*o = -3*j + 5. Suppose -41*s = -3002 - 3394. Suppose o*b + 4*a = 377, -6*b + 4*b + a = -s. What is the tens digit of b?
7
Let w(z) = -z**3 + 134*z**2 - 284*z + 4513. What is the ten thousands digit of w(130)?
3
Let g(p) = 2*p**2 - 41*p - 90. Let t be g(17). Let u = t + 520. What is the hundreds digit of u?
3
Let j be 40/(-100) - (-27542)/5. Suppose -74*g + 65*g = -j. What is the hundreds digit of g?
6
Suppose -5*q = -2*w - 25, -3*w - 2*w = q - 5. Suppose 210 = q*k + k. What is the units digit of (-10)/k + (-3324)/(-21)?
8
Let i(z) = -2*z**2 + 94*z - 41. Let s be i(38). Let f = s + -453. What is the units digit of f?
0
Suppose -2073 = -2*g + 5*j, -5*g = -2*j - j - 5211. Suppose 2*a - g = -4*a. Suppose o = 2, 2*r - a = -4*o - 2. What is the units digit of r?
2
Let h = 413 - 418. Let w = 39 + h. What is the units digit of w?
4
Let w(x) = 30561*x - 81. What is the tens digit of w(1)?
8
What is the hundreds digit of ((-8 - 286728/(-40)) + -7)/((-4)/(-10))?
8
Suppose 1015 = 5*b + 4*p - 9*p, 0 = -2*b - 3*p + 396. Suppose b = 7*z - 296. What is the tens digit of z?
7
Suppose -6 = 2*z - 96. Let p = 50 - z. Suppose -d + 16 = 4*c - 14, -p*c = -d + 12. What is the tens digit of d?
2
Let k(q) = -q**2 + 20*q + 284. Let c = -67 + 67. What is the hundreds digit of k(c)?
2
What is the hundreds digit of 5*1 - (-31484 + 196)?
2
Let x = -239 + 221. What is the tens digit of ((-60)/x)/(8/288)?
2
Let c = 1607 + 2189. What is the tens digit of c?
9
Suppose -s - 16 = -131. What is the units digit of ((-6808)/s)/((-2)/5)?
8
Let l(u) = 143*u**2 - 6*u - 8. Let i be -6 + (4/(-8) - 1)*-2. What is the units digit of l(i)?
7
Let p be 20888/35 - 12/15. Let g = -346 + p. Let a = g - 169. What is the tens digit of a?
8
Suppose 0 = 4*m + 24, 5*m + 6103 = -2*g + 27185. What is the thousands digit of g?
0
Suppose -610 = -2319*n + 2317*n. What is the hundreds digit of n?
3
Let k be (-5 - -95)*4/5. Let h = k + 244. What is the hundreds digit of h?
3
Let l be 0*(1 + -5 - -5). Suppose l = -18*h - 277 - 245. Let f = 79 + h. What is the units digit of f?
0
Suppose -10305 = -a - w, -10329 = 18*a - 19*a + 2*w. What is the units digit of a?
3
What is the units digit of 402577/28 + 3 - (18/(-8))/9?
1
What is the thousands digit of 7263 + ((-2)/2)/((-27)/162)?
7
Let f(q) = -4*q - 40. Let g be f(-15). Suppose 18*i - g*i = -680. What is the tens digit of i?
4
Suppose 12*x = 17*x + 155. Let a be (4/(-10))/(6 - x/(-5)). Suppose 133 = 4*n - 2*n + 5*y, 0 = a*y - 2. What is the units digit of n?
4
Suppose -33693 = -2*v - u, 4*v - 30970 = 2*u + 36404. What is the hundreds digit of v?
8
Let k = -12514 - -21988. What is the hundreds digit of k?
4
Let d(x) = 2*x**3 - 30*x**2 - 40*x - 144. What is the units digit of d(23)?
0
Let u(q) = 678*q - 6. Let n = 442 - 441. What is the hundreds digit of u(n)?
6
Let q(j) = 317*j - 27. What is the thousands digit of q(26)?
8
Let a = 10994 - -7592. What is the tens digit of a?
8
Suppose 2*l = 2*k + 3*k + 111, 2*l = k + 99. Suppose 3*j = -j + l. Suppose j*m - 232 = 8*m. What is the tens digit of m?
5
Suppose 32*o - 34*o = -2*v + 77030, 0 = 4*o + 20. What is the thousands digit of v?
8
Let s = -390 + 199. Let b = 1287 + -1397. Let t = b - s. What is the units digit of t?
1
Let s be 498/54 - 8/36. Suppose -17*u = -s*u - 8. What is the units digit of u?
1
Let k(f) = 323*f**2 - 99*f - 328. What is the tens digit of k(-3)?
7
Let s = 37692 - 14181. What is the hundreds digit of s?
5
Suppose -574 - 285 = -u - 5*g, -4*u + 3*g = -3390. What is the units digit of u?
9
Suppose 36 = 5*u - 3*u - 5*x, u - x = 12. Let g(t) = -t + 12. Let m be g(u). What is the units digit of m/(-18) - (-2968)/72?
1
Let v(y) = -486*y - 16. Let g be v(-2). Suppose -d + 166 = 3*l - g, 4*d = 4*l - 1480. What is the units digit of l?
3
Let b(l) be the first derivative of l**3/3 - 7*l**2/2 - 4*l - 28. Let x be b(8). Suppose n - 38 - 236 = -2*s, n = -x. What is the units digit of s?
9
Let j = 105 - 62. Let z = 46 - j. Suppose 20 = l + z*l. What is the units digit of l?
5
Let c(s) = s - 1. Let j be c(-5). Let q(m) = -62*m - 3. What is the hundreds digit of q(j)?
3
Suppose -13*n + 167497 = 590. Suppose 28*x - n = 21853. What is the hundreds digit of x?
2
Let y = 1793 - -3481. What is the hundreds digit of y?
2
Suppose -4*t + 138799 